{"id":63,"date":"2020-07-22T14:23:30","date_gmt":"2020-07-22T14:23:30","guid":{"rendered":"https:\/\/cerealescusato.com.ar\/?page_id=63"},"modified":"2020-07-22T14:23:30","modified_gmt":"2020-07-22T14:23:30","slug":"nuestra-historia","status":"publish","type":"page","link":"https:\/\/cerealescusato.com.ar\/?page_id=63","title":{"rendered":"Nuestra Historia"},"content":{"rendered":"<div class=\"wpb-content-wrapper\"><p>[vc_row type=&#8221;full-nopad&#8221;][vc_column offset=&#8221;vc_hidden-md vc_hidden-sm vc_hidden-xs&#8221;][vc_column_text]<img loading=\"lazy\" decoding=\"async\" class=\"aligncenter size-full wp-image-226\" src=\"http:\/\/cerealescusato.com.ar\/wp-content\/uploads\/2020\/09\/nosotros_cusato-cereales-acopio-de-cereales-_4-1.jpg\" alt=\"\" width=\"1903\" height=\"283\" \/>[\/vc_column_text][\/vc_column][\/vc_row][vc_row type=&#8221;full-nopad&#8221; css=&#8221;.vc_custom_1599146029653{background-color: #ffc300 !important;}&#8221;][vc_column][vc_empty_space height=&#8221;45px&#8221;][vc_column_text]<\/p>\n<h1 style=\"text-align: center;\">NUESTRA HISTORIA<\/h1>\n<p>[\/vc_column_text][vc_empty_space height=&#8221;45px&#8221;][\/vc_column][\/vc_row][vc_row][vc_column width=&#8221;1\/6&#8243;][\/vc_column][vc_column width=&#8221;2\/3&#8243;][vc_empty_space height=&#8221;45px&#8221;][vc_empty_space height=&#8221;25px&#8221;][vc_column_text]<\/p>\n<div id='gallery-1' class='gallery galleryid-63 gallery-columns-7 gallery-size-thumbnail'><dl class='gallery-item'>\n\t\t\t<dt class='gallery-icon landscape'>\n\t\t\t\t<a href='https:\/\/cerealescusato.com.ar\/wp-content\/uploads\/2020\/09\/cusato_cereales_1.jpg'><img loading=\"lazy\" decoding=\"async\" width=\"150\" height=\"150\" src=\"https:\/\/cerealescusato.com.ar\/wp-content\/uploads\/2020\/09\/cusato_cereales_1-150x150.jpg\" class=\"attachment-thumbnail size-thumbnail\" alt=\"\" srcset=\"https:\/\/cerealescusato.com.ar\/wp-content\/uploads\/2020\/09\/cusato_cereales_1-150x150.jpg 150w, https:\/\/cerealescusato.com.ar\/wp-content\/uploads\/2020\/09\/cusato_cereales_1-100x100.jpg 100w\" sizes=\"auto, (max-width: 150px) 100vw, 150px\" \/><\/a>\n\t\t\t<\/dt><\/dl><dl class='gallery-item'>\n\t\t\t<dt class='gallery-icon landscape'>\n\t\t\t\t<a href='https:\/\/cerealescusato.com.ar\/wp-content\/uploads\/2020\/09\/cusato_cereales_2.jpg'><img loading=\"lazy\" decoding=\"async\" width=\"150\" height=\"150\" src=\"https:\/\/cerealescusato.com.ar\/wp-content\/uploads\/2020\/09\/cusato_cereales_2-150x150.jpg\" class=\"attachment-thumbnail size-thumbnail\" alt=\"\" srcset=\"https:\/\/cerealescusato.com.ar\/wp-content\/uploads\/2020\/09\/cusato_cereales_2-150x150.jpg 150w, https:\/\/cerealescusato.com.ar\/wp-content\/uploads\/2020\/09\/cusato_cereales_2-100x100.jpg 100w\" sizes=\"auto, (max-width: 150px) 100vw, 150px\" \/><\/a>\n\t\t\t<\/dt><\/dl><dl class='gallery-item'>\n\t\t\t<dt class='gallery-icon landscape'>\n\t\t\t\t<a href='https:\/\/cerealescusato.com.ar\/wp-content\/uploads\/2020\/09\/cusato_cereales_3.jpg'><img loading=\"lazy\" decoding=\"async\" width=\"150\" height=\"150\" src=\"https:\/\/cerealescusato.com.ar\/wp-content\/uploads\/2020\/09\/cusato_cereales_3-150x150.jpg\" class=\"attachment-thumbnail size-thumbnail\" alt=\"\" srcset=\"https:\/\/cerealescusato.com.ar\/wp-content\/uploads\/2020\/09\/cusato_cereales_3-150x150.jpg 150w, https:\/\/cerealescusato.com.ar\/wp-content\/uploads\/2020\/09\/cusato_cereales_3-100x100.jpg 100w\" sizes=\"auto, (max-width: 150px) 100vw, 150px\" \/><\/a>\n\t\t\t<\/dt><\/dl><dl class='gallery-item'>\n\t\t\t<dt class='gallery-icon landscape'>\n\t\t\t\t<a href='https:\/\/cerealescusato.com.ar\/wp-content\/uploads\/2020\/09\/cusato_cereales_4.jpg'><img loading=\"lazy\" decoding=\"async\" width=\"150\" height=\"150\" src=\"https:\/\/cerealescusato.com.ar\/wp-content\/uploads\/2020\/09\/cusato_cereales_4-150x150.jpg\" class=\"attachment-thumbnail size-thumbnail\" alt=\"\" srcset=\"https:\/\/cerealescusato.com.ar\/wp-content\/uploads\/2020\/09\/cusato_cereales_4-150x150.jpg 150w, https:\/\/cerealescusato.com.ar\/wp-content\/uploads\/2020\/09\/cusato_cereales_4-100x100.jpg 100w\" sizes=\"auto, (max-width: 150px) 100vw, 150px\" \/><\/a>\n\t\t\t<\/dt><\/dl><dl class='gallery-item'>\n\t\t\t<dt class='gallery-icon landscape'>\n\t\t\t\t<a href='https:\/\/cerealescusato.com.ar\/wp-content\/uploads\/2020\/09\/cusato_cereales_5-1.jpg'><img loading=\"lazy\" decoding=\"async\" width=\"150\" height=\"150\" src=\"https:\/\/cerealescusato.com.ar\/wp-content\/uploads\/2020\/09\/cusato_cereales_5-1-150x150.jpg\" class=\"attachment-thumbnail size-thumbnail\" alt=\"\" srcset=\"https:\/\/cerealescusato.com.ar\/wp-content\/uploads\/2020\/09\/cusato_cereales_5-1-150x150.jpg 150w, https:\/\/cerealescusato.com.ar\/wp-content\/uploads\/2020\/09\/cusato_cereales_5-1-100x100.jpg 100w\" sizes=\"auto, (max-width: 150px) 100vw, 150px\" \/><\/a>\n\t\t\t<\/dt><\/dl>\n\t\t\t<br style='clear: both' \/>\n\t\t<\/div>\n\n<p>[\/vc_column_text][vc_empty_space height=&#8221;45px&#8221;][vc_column_text]<\/p>\n<p style=\"text-align: justify;\"><strong>Jos\u00e9 A. Cusato S. A. es una empresa familiar puesta en marcha el 1\u00b0 de Noviembre de 1960 por Don Jos\u00e9 \u00c1ngel Cusato<\/strong>, un precursor del por entonces pueblo de Ferr\u00e9, que en aquella \u00e9poca puso todo su esfuerzo y capital en la ilusi\u00f3n de fundar un comercio que satisficiera las necesidades del hombre de campo de su regi\u00f3n.<\/p>\n<p style=\"text-align: justify;\">Luego de adquirir cuatro silos, una noria con balanza para camiones y otra para vagones, esa ilusi\u00f3n empez\u00f3 a ser una realidad. El primer lugar de acci\u00f3n de la empresa fue el predio del Ferrocarril Gral. Belgrano, Estaci\u00f3n de Ferr\u00e9.<\/p>\n<p style=\"text-align: justify;\">Con el transcurso de los a\u00f1os la empresa de Don Jos\u00e9 fue incrementando su capacidad de almacenamiento y por ello adquiri\u00f3, en el a\u00f1o 1982, una planta de silos totalmente de mamposter\u00eda con anexos para manufacturar alimentos balanceados, ubicada en zona rural del partido de Col\u00f3n, provincia de Buenos Aires. Adem\u00e1s, en esta planta se modifica su infraestructura de almacenamiento con la construcci\u00f3n de silos y celdas, para llegar a tener en la actualidad una capacidad de almacenamiento de 30 mil toneladas.<\/p>\n<p style=\"text-align: justify;\">Como una muestra de la fidelidad a sus principios fundacionales la empresa Jos\u00e9 A. Cusato S. A. a\u00fan trabaja y mantiene sus oficinas centrales en el antiguo edificio administrativo, hoy refaccionado y con proyectos de expansi\u00f3n.<\/p>\n<p style=\"text-align: justify;\">Tras la desaparici\u00f3n f\u00edsica, pero no espiritual, de su fundador, Don Jos\u00e9 \u00c1ngel Cusato, en Diciembre de 1990, sus herederos continuaron con aquellos anhelos so\u00f1ados hace medio siglo por el fundador de la empresa.<\/p>\n<p>[\/vc_column_text][vc_empty_space height=&#8221;45px&#8221;][vc_empty_space height=&#8221;45px&#8221;][\/vc_column][vc_column width=&#8221;1\/6&#8243;][\/vc_column][\/vc_row]<\/p>\n<\/div>","protected":false},"excerpt":{"rendered":"<p>[vc_row type=&#8221;full-nopad&#8221;][vc_column offset=&#8221;vc_hidden-md vc_hidden-sm vc_hidden-xs&#8221;][vc_column_text][\/vc_column_text][\/vc_column][\/vc_row][vc_row type=&#8221;full-nopad&#8221; css=&#8221;.vc_custom_1599146029653{background-color: #ffc300 !important;}&#8221;][vc_column][vc_empty_space height=&#8221;45px&#8221;][vc_column_text] NUESTRA HISTORIA [\/vc_column_text][vc_empty_space height=&#8221;45px&#8221;][\/vc_column][\/vc_row][vc_row][vc_column width=&#8221;1\/6&#8243;][\/vc_column][vc_column width=&#8221;2\/3&#8243;][vc_empty_space height=&#8221;45px&#8221;][vc_empty_space height=&#8221;25px&#8221;][vc_column_text] [\/vc_column_text][vc_empty_space height=&#8221;45px&#8221;][vc_column_text] Jos\u00e9 A. Cusato S. A. es una empresa familiar puesta en marcha el 1\u00b0 de Noviembre de 1960 por Don Jos\u00e9 \u00c1ngel Cusato, un precursor del por entonces pueblo de Ferr\u00e9, que en aquella \u00e9poca &hellip;<\/p>\n","protected":false},"author":2,"featured_media":0,"parent":0,"menu_order":0,"comment_status":"closed","ping_status":"closed","template":"templates\/page-full.php","meta":{"footnotes":""},"class_list":["post-63","page","type-page","status-publish","hentry"],"_links":{"self":[{"href":"https:\/\/cerealescusato.com.ar\/index.php?rest_route=\/wp\/v2\/pages\/63","targetHints":{"allow":["GET"]}}],"collection":[{"href":"https:\/\/cerealescusato.com.ar\/index.php?rest_route=\/wp\/v2\/pages"}],"about":[{"href":"https:\/\/cerealescusato.com.ar\/index.php?rest_route=\/wp\/v2\/types\/page"}],"author":[{"embeddable":true,"href":"https:\/\/cerealescusato.com.ar\/index.php?rest_route=\/wp\/v2\/users\/2"}],"replies":[{"embeddable":true,"href":"https:\/\/cerealescusato.com.ar\/index.php?rest_route=%2Fwp%2Fv2%2Fcomments&post=63"}],"version-history":[{"count":0,"href":"https:\/\/cerealescusato.com.ar\/index.php?rest_route=\/wp\/v2\/pages\/63\/revisions"}],"wp:attachment":[{"href":"https:\/\/cerealescusato.com.ar\/index.php?rest_route=%2Fwp%2Fv2%2Fmedia&parent=63"}],"curies":[{"name":"wp","href":"https:\/\/api.w.org\/{rel}","templated":true}]}}